 13) to base 16.
-16e
What is 4421 (base 7) in base 16?
62f
What is 10526 (base 11) in base 16?
3baa
Convert -61b (base 13) to base 16.
-40e
Convert 445 (base 13) to base 12.
511
What is -6133 (base 9) in base 16?
-1185
450c (base 14) to base 4
2323000
-ddc (base 15) to base 4
-300330
Convert 4674 (base 8) to base 9.
3368
-4 (base 16) to base 4
-10
Convert 1101011011001 (base 2) to base 8.
15331
What is 330a (base 11) in base 15?
1461
What is 1012000 (base 3) in base 11?
716
Convert 2155 (base 6) to base 9.
618
What is 44718 (base 9) in base 3?
1111210122
What is -46663 (base 11) in base 5?
-4123340
What is 151775 (base 8) in base 7?
314135
What is -11320 (base 4) in base 7?
-1045
What is 75422 (base 10) in base 6?
1341102
What is -30000 (base 4) in base 7?
-2145
Convert -1502 (base 14) to base 5.
-104401
Convert -2303 (base 8) to base 7.
-3361
Convert -2a5a (base 11) to base 2.
-111101100001
Convert -292b (base 12) to base 3.
-20120022
Convert -3983 (base 14) to base 6.
-114451
-35101 (base 6) to base 10
-5005
1659 (base 16) to base 2
1011001011001
1000001011010 (base 2) to base 14
1750
What is -1121 (base 6) in base 4?
-10021
Convert 4534 (base 10) to base 15.
1524
b79 (base 14) to base 16
8d7
45502 (base 6) to base 14
24c6
What is -1021 (base 8) in base 6?
-2241
-12075 (base 9) to base 13
-38b1
What is -14154 (base 6) in base 4?
-202312
113 (base 10) to base 3
11012
What is 5489 (base 12) in base 5?
244241
Convert 239a (base 13) to base 15.
1753
-110000011 (base 2) to base 14
-1d9
What is -125d (base 16) in base 5?
-122301
Convert 118 (base 14) to base 12.
162
Convert -c54 (base 15) to base 13.
-135a
What is 31 (base 5) in base 16?
10
Convert 2157 (base 8) to base 15.
50a
Convert 145 (base 9) to base 10.
122
Convert 1101221 (base 3) to base 7.
2662
-19d (base 15) to base 7
-1042
Convert -2034110 (base 5) to base 4.
-20031313
What is -411 (base 12) in base 14?
-301
What is 4130 (base 5) in base 14?
2a8
Convert -11432 (base 7) to base 9.
-4052
Convert 5d08 (base 14) to base 8.
37624
What is -13e9 (base 16) in base 10?
-5097
123 (base 8) to base 11
76
Convert 322002 (base 4) to base 9.
5076
What is -679 (base 16) in base 10?
-1657
Convert -10443 (base 5) to base 15.
-34d
Convert -54 (base 10) to base 8.
-66
What is 60a (base 13) in base 4?
100000
Convert -7e39 (base 16) to base 13.
-11928
-132010 (base 4) to base 10
-1924
What is 3e91 (base 16) in base 8?
37221
Convert -787 (base 12) to base 11.
-920
What is -11541 (base 7) in base 11?
-22a4
What is -13323 (base 8) in base 3?
-22000102
Convert -3003123 (base 4) to base 8.
-30333
What is 51433 (base 6) in base 14?
2701
1402 (base 7) to base 9
661
Convert -102022 (base 4) to base 11.
-967
105cb (base 13) to base 16
7385
12123 (base 12) to base 14
8c43
Convert -14785 (base 9) to base 5.
-310441
-2000022 (base 3) to base 5
-21331
What is 10b9 (base 15) in base 14?
1417
Convert 213444 (base 5) to base 6.
54050
Convert fa61 (base 16) to base 5.
4022342
What is 1582 (base 16) in base 11?
4156
-111000001 (base 2) to base 7
-1211
224 (base 12) to base 9
381
What is -170 (base 13) in base 7?
-521
11000001 (base 2) to base 5
1233
Convert -4322232 (base 5) to base 6.
-1324002
What is -1101210002 (base 3) in base 2?
-110101110010110
What is -44428 (base 11) in base 8?
-175622
What is 2013 (base 4) in base 6?
343
3121 (base 6) to base 11
584
Convert -382 (base 9) to base 10.
-317
Convert -11010010001010 (base 2) to base 14.
-4c8a
What is 194b (base 16) in base 13?
2c41
-2 (base 10) to base 2
-10
What is 10102112222 (base 3) in base 2?
10000011110010000
Convert -13105 (base 11) to base 14.
-6ba0
Convert -734 (base 15) to base 13.
-97c
9705 (base 10) to base 9
14273
-156 (base 9) to base 10
-132
Convert -200330 (base 4) to base 10.
-2108
What is -178d (base 16) in base 2?
-1011110001101
What is 1008b (base 12) in base 13?
9644
-2b00 (base 12) to base 2
-1001110110000
Convert -504 (base 9) to base 13.
-256
What is -6 (base 16) in base 4?
-12
Convert -2c0 (base 15) to base 13.
-396
What is -1010101011110 (base 2) in base 9?
-7447
-12110 (base 5) to base 12
-635
3cc (base 15) to base 6
4003
Convert -cf2f (base 16) to base 14.
-15487
-105054 (base 6) to base 14
-3350
-422 (base 11) to base 8
-774
What is -7b7 (base 15) in base 4?
-123103
What is -116047 (base 8) in base 4?
-21300213
Convert -1011030 (base 5) to base 7.
-65533
What is 14713 (base 8) in base 2?
1100111001011
82 (base 14) to base 12
96
What is 10950 (base 10) in base 12?
6406
What is 4464 (base 12) in base 5?
220224
What is -a14 (base 12) in base 16?
-5b0
Convert 837 (base 10) to base 6.
3513
What is -1a2 (base 15) in base 9?
-458
1010030 (base 4) to base 3
12222122
2535 (base 8) to base 16
55d
Convert 8009 (base 11) to base 7.
43033
1a064 (base 11) to base 13
c9a6
What is 32273 (base 8) in base 12?
798b
-215234 (base 6) to base 10
-18022
201211 (base 3) to base 6
2251
Convert 201022 (base 3) to base 6.
2225
-2045 (base 16) to base 15
-26ab
Convert 2b9a1 (base 12) to base 7.
345313
Convert -14444 (base 11) to base 5.
-1123442
Convert 1a09 (base 16) to base 5.
203130
Convert -21320 (base 4) to base 13.
-398
Convert 13c6 (base 16) to base 12.
2b1a
Convert -4203 (base 5) to base 8.
-1051
What is 10301003 (base 4) in base 9?
28702
-113104 (base 6) to base 2
-10011000100000
What is -1331 (base 4) in base 15?
-85
What is -10221101 (base 3) in base 15?
-cb7
What is -b39 (base 13) in base 6?
-12455
Convert 4a (base 12) to base 8.
72
What is -365 (base 11) in base 15?
-1de
110011 (base 2) to base 14
39
What is -231134 (base 8) in base 11?
-53a19
Convert -414 (base 5) to base 15.
-74
What is -14140 (base 6) in base 7?
-6321
Convert -21100 (base 5) to base 2.
-10101111000
What is 1100110110 (base 2) in base 13?
4b3
-2952a (base 11) to base 9
-63423
Convert -a223 (base 11) to base 13.
-6245
2028 (base 14) to base 8
12624
41210 (base 7) to base 6
114312
Convert -101011101 (base 2) to base 9.
-427
Convert 6 (base 13) to base 15.
6
What is 4664 (base 8) in base 9?
3360
What is -279 (base 11) in base 4?
-11020
98 (base 11) to base 6
255
What is 11110000101 (base 2) in base 14?
9b7
Convert 1000 (base 5) to base 7.
236
What is -1434 (base 10) in base 14?
-746
-d25 (base 15) to base 14
-1116
-454001 (base 6) to base 15
-b5d4
Convert 7b (base 16) to base 10.
123
-c59 (base 16) to base 13
-1592
-11101111 (base 2) to base 16
-ef
What is -111333 (base 4) in base 6?
-10303
What is -2164 (base 9) in base 16?
-63d
Convert 102210 (base 3) to base 12.
226
What is 1220 (base 5) in base 9?
225
What is 4624 (base 8) in base 11?
192a
Convert -1 (base 12) to base 14.
-1
Convert -5651 (base 7) to base 12.
-1225
Convert 1ef3 (base 16) to base 5.
223143
Convert 2007 (base 8) to base 15.
48b
What is -4b15 (base 12) in base 16?
-2141
-2266 (base 10) to base 16
-8da
What is -21921 (base 10) in base 14?
-7dbb
What is -745 (base 10) in base 12?
-521
Convert -1043323 (base 5) to base 7.
-105123
-681 (base 9) to base 11
-469
What is 2344 (base 10) in base 6?
14504
Convert 2721 (base 10) to base 12.
16a9
What is ba5 (base 13) in base 16?
7ca
Convert -44a (base 14) to base 2.
-1101010010
4023 (base 7) to base 2
10101101101
Convert -10042 (base 5) to base 12.
-45b
What is 302 (base 7) in base 8?
225
74 (base 9) to base 8
103
-231042 (base 6) to base 5
-1112212
What is -30232 (base 5) in base 9?
-2587
Convert -a71 (base 12) to base 3.
-2002111
335 (base 10) to base 7
656
-1210111 (base 3) to base 15
-5c4
What is -14757 (base 9) in base 4?
-2131300
Convert 1100212 (base 3) to base 7.
2621
What is 1193 (base 11) in base 3?
2010120
556 (base 15) to base 13
71a
Convert -1682 (base 9) to base 10.
-1289
What is 2122021 (base 3) in base 8?
3604
Convert 21967 (base 13) to base 10.
60925
What is 7165 (base 8) in base 5?
104301
Convert -562 (base 8) to base 13.
-226
What is 222 (base 7) in base 12?
96
-4107 (base 11) to base 6
-41124
What is 1100 (base 8) in base 6?
2400
-11100010101100 (base 2) to base 11
-a99a
What is -3ac (base 13) in base 3?
-220001
What is -13 (base 15) in base 3?
-200
Convert -457 (base 11) to base 2.
-1000100010
What is 9459 (base 11) in base 7?
51344
27188 (base 10) to base 12
13898
What is -20322 (base 7) in base 4?
-1031211
What is -2000 (base 8) in base 7?
-2662
What is 41